{"id":26963,"date":"2021-05-19T15:22:50","date_gmt":"2021-05-19T15:22:50","guid":{"rendered":"https:\/\/sportpark-roxel.de\/?page_id=26963"},"modified":"2021-06-15T14:44:45","modified_gmt":"2021-06-15T12:44:45","slug":"impressum","status":"publish","type":"page","link":"https:\/\/sportpark-roxel.de\/index.php\/impressum\/","title":{"rendered":"Impressum"},"content":{"rendered":"<p>[et_pb_section fb_built=&#8220;1&#8243; _builder_version=&#8220;4.9.5&#8243; _module_preset=&#8220;default&#8220; da_disable_devices=&#8220;off|off|off&#8220; da_is_popup=&#8220;off&#8220; da_exit_intent=&#8220;off&#8220; da_has_close=&#8220;on&#8220; da_alt_close=&#8220;off&#8220; da_dark_close=&#8220;off&#8220; da_not_modal=&#8220;on&#8220; da_is_singular=&#8220;off&#8220; da_with_loader=&#8220;off&#8220; da_has_shadow=&#8220;on&#8220;][et_pb_row _builder_version=&#8220;4.9.5&#8243; _module_preset=&#8220;default&#8220;][et_pb_column type=&#8220;4_4&#8243; _builder_version=&#8220;4.9.5&#8243; _module_preset=&#8220;default&#8220;][et_pb_text _builder_version=&#8220;4.9.5&#8243; _module_preset=&#8220;default&#8220; hover_enabled=&#8220;0&#8243; sticky_enabled=&#8220;0&#8243;]<\/p>\n<h2 class=\"vc_custom_heading\"><span style=\"font-size: 30px;\">Impressum<\/span><\/h2>\n<div class=\"wpb_text_column wpb_content_element \">\n<div class=\"wpb_wrapper\">\n<div id=\"generatorPreviewWrapper\">\n<div id=\"generatorPreview\">\n<h2>Angaben gem\u00e4\u00df \u00a7 5 TMG:<\/h2>\n<p>Sportpark Roxel GmbH<br \/>Nico Jung<\/p>\n<h3>Postanschrift:<\/h3>\n<p>Am Rohrbusch 81<br \/>48161 M\u00fcnster<\/p>\n<h3>Kontakt:<\/h3>\n<p>Telefon: 02534 &#8211; 7018<br \/>E-Mail: info@sportpark-roxel.de<\/p>\n<h3>Vertreten durch:<\/h3>\n<p>Gesch\u00e4ftsf\u00fchrer Nico Jung<\/p>\n<h3>Eingetragen am<\/h3>\n<p>Amtsgericht M\u00fcnster<br \/>HRB3207<\/p>\n<h3>Umsatzsteuer-Identifikationsnummer<\/h3>\n<p>UStG:DE205507417<\/p>\n<h3>Zugelassen f\u00fcr:<\/h3>\n<p>Deutschland<\/p>\n<h3>Die Berufshaftpflichtversicherung wurde abgeschlossen bei:<\/h3>\n<p>HDI Gerling, HDI Platz 1 30659 Hannover<\/p>\n<h3>Datenschutz<\/h3>\n<p>Informationen zum Datenschutz findest du hier:\u00a0<\/p>\n<p><a href=\"https:\/\/sportpark-roxel.de\/index.php\/datenschutz\/\">Zum Datenschutz<\/a><\/p>\n<h3>\u00a0Hinweise zur Website<\/h3>\n<p><em>Das Impressum wurde mit dem\u00a0<a href=\"https:\/\/www.activemind.de\/datenschutz\/impressums-generator\/\">Impressums-Generator der activeMind AG<\/a>\u00a0erstellt.<\/em><\/p>\n<\/div>\n<\/div>\n<\/div>\n<\/div>\n<p>[\/et_pb_text][\/et_pb_column][\/et_pb_row][\/et_pb_section]<\/p>\n","protected":false},"excerpt":{"rendered":"<p>Impressum Angaben gem\u00e4\u00df \u00a7 5 TMG: Sportpark Roxel GmbHNico Jung Postanschrift: Am Rohrbusch 8148161 M\u00fcnster Kontakt: Telefon: 02534 &#8211; 7018E-Mail: info@sportpark-roxel.de Vertreten durch: Gesch\u00e4ftsf\u00fchrer Nico Jung Eingetragen am Amtsgericht M\u00fcnsterHRB3207 Umsatzsteuer-Identifikationsnummer UStG:DE205507417 Zugelassen f\u00fcr: Deutschland Die Berufshaftpflichtversicherung wurde abgeschlossen bei: HDI Gerling, HDI Platz 1 30659 Hannover Datenschutz Informationen zum Datenschutz findest du hier:\u00a0 Zum [&hellip;]<\/p>\n","protected":false},"author":1,"featured_media":0,"parent":0,"menu_order":0,"comment_status":"closed","ping_status":"closed","template":"","meta":{"_et_pb_use_builder":"on","_et_pb_old_content":"","_et_gb_content_width":"","footnotes":""},"class_list":["post-26963","page","type-page","status-publish","hentry"],"yoast_head":"<!-- This site is optimized with the Yoast SEO plugin v27.4 - https:\/\/yoast.com\/product\/yoast-seo-wordpress\/ -->\n<title>Impressum - https:\/\/www.sportpark-roxel.de<\/title>\n<meta name=\"robots\" content=\"index, follow, max-snippet:-1, max-image-preview:large, max-video-preview:-1\" \/>\n<link rel=\"canonical\" href=\"https:\/\/sportpark-roxel.de\/index.php\/impressum\/\" \/>\n<meta property=\"og:locale\" content=\"de_DE\" \/>\n<meta property=\"og:type\" content=\"article\" \/>\n<meta property=\"og:title\" content=\"Impressum - https:\/\/www.sportpark-roxel.de\" \/>\n<meta property=\"og:description\" content=\"Impressum Angaben gem\u00e4\u00df \u00a7 5 TMG: Sportpark Roxel GmbHNico Jung Postanschrift: Am Rohrbusch 8148161 M\u00fcnster Kontakt: Telefon: 02534 - 7018E-Mail: info@sportpark-roxel.de Vertreten durch: Gesch\u00e4ftsf\u00fchrer Nico Jung Eingetragen am Amtsgericht M\u00fcnsterHRB3207 Umsatzsteuer-Identifikationsnummer UStG:DE205507417 Zugelassen f\u00fcr: Deutschland Die Berufshaftpflichtversicherung wurde abgeschlossen bei: HDI Gerling, HDI Platz 1 30659 Hannover Datenschutz Informationen zum Datenschutz findest du hier:\u00a0 Zum [&hellip;]\" \/>\n<meta property=\"og:url\" content=\"https:\/\/sportpark-roxel.de\/index.php\/impressum\/\" \/>\n<meta property=\"og:site_name\" content=\"https:\/\/www.sportpark-roxel.de\" \/>\n<meta property=\"article:modified_time\" content=\"2021-06-15T12:44:45+00:00\" \/>\n<meta name=\"twitter:card\" content=\"summary_large_image\" \/>\n<meta name=\"twitter:label1\" content=\"Gesch\u00e4tzte Lesezeit\" \/>\n\t<meta name=\"twitter:data1\" content=\"1\u00a0Minute\" \/>\n<script type=\"application\/ld+json\" class=\"yoast-schema-graph\">{\"@context\":\"https:\\\/\\\/schema.org\",\"@graph\":[{\"@type\":\"WebPage\",\"@id\":\"https:\\\/\\\/sportpark-roxel.de\\\/index.php\\\/impressum\\\/\",\"url\":\"https:\\\/\\\/sportpark-roxel.de\\\/index.php\\\/impressum\\\/\",\"name\":\"Impressum - https:\\\/\\\/www.sportpark-roxel.de\",\"isPartOf\":{\"@id\":\"https:\\\/\\\/sportpark-roxel.de\\\/#website\"},\"datePublished\":\"2021-05-19T15:22:50+00:00\",\"dateModified\":\"2021-06-15T12:44:45+00:00\",\"breadcrumb\":{\"@id\":\"https:\\\/\\\/sportpark-roxel.de\\\/index.php\\\/impressum\\\/#breadcrumb\"},\"inLanguage\":\"de\",\"potentialAction\":[{\"@type\":\"ReadAction\",\"target\":[\"https:\\\/\\\/sportpark-roxel.de\\\/index.php\\\/impressum\\\/\"]}]},{\"@type\":\"BreadcrumbList\",\"@id\":\"https:\\\/\\\/sportpark-roxel.de\\\/index.php\\\/impressum\\\/#breadcrumb\",\"itemListElement\":[{\"@type\":\"ListItem\",\"position\":1,\"name\":\"Startseite\",\"item\":\"https:\\\/\\\/sportpark-roxel.de\\\/\"},{\"@type\":\"ListItem\",\"position\":2,\"name\":\"Impressum\"}]},{\"@type\":\"WebSite\",\"@id\":\"https:\\\/\\\/sportpark-roxel.de\\\/#website\",\"url\":\"https:\\\/\\\/sportpark-roxel.de\\\/\",\"name\":\"https:\\\/\\\/www.sportpark-roxel.de\",\"description\":\"Sportpark Roxel\",\"potentialAction\":[{\"@type\":\"SearchAction\",\"target\":{\"@type\":\"EntryPoint\",\"urlTemplate\":\"https:\\\/\\\/sportpark-roxel.de\\\/?s={search_term_string}\"},\"query-input\":{\"@type\":\"PropertyValueSpecification\",\"valueRequired\":true,\"valueName\":\"search_term_string\"}}],\"inLanguage\":\"de\"}]}<\/script>\n<!-- \/ Yoast SEO plugin. -->","yoast_head_json":{"title":"Impressum - https:\/\/www.sportpark-roxel.de","robots":{"index":"index","follow":"follow","max-snippet":"max-snippet:-1","max-image-preview":"max-image-preview:large","max-video-preview":"max-video-preview:-1"},"canonical":"https:\/\/sportpark-roxel.de\/index.php\/impressum\/","og_locale":"de_DE","og_type":"article","og_title":"Impressum - https:\/\/www.sportpark-roxel.de","og_description":"Impressum Angaben gem\u00e4\u00df \u00a7 5 TMG: Sportpark Roxel GmbHNico Jung Postanschrift: Am Rohrbusch 8148161 M\u00fcnster Kontakt: Telefon: 02534 - 7018E-Mail: info@sportpark-roxel.de Vertreten durch: Gesch\u00e4ftsf\u00fchrer Nico Jung Eingetragen am Amtsgericht M\u00fcnsterHRB3207 Umsatzsteuer-Identifikationsnummer UStG:DE205507417 Zugelassen f\u00fcr: Deutschland Die Berufshaftpflichtversicherung wurde abgeschlossen bei: HDI Gerling, HDI Platz 1 30659 Hannover Datenschutz Informationen zum Datenschutz findest du hier:\u00a0 Zum [&hellip;]","og_url":"https:\/\/sportpark-roxel.de\/index.php\/impressum\/","og_site_name":"https:\/\/www.sportpark-roxel.de","article_modified_time":"2021-06-15T12:44:45+00:00","twitter_card":"summary_large_image","twitter_misc":{"Gesch\u00e4tzte Lesezeit":"1\u00a0Minute"},"schema":{"@context":"https:\/\/schema.org","@graph":[{"@type":"WebPage","@id":"https:\/\/sportpark-roxel.de\/index.php\/impressum\/","url":"https:\/\/sportpark-roxel.de\/index.php\/impressum\/","name":"Impressum - https:\/\/www.sportpark-roxel.de","isPartOf":{"@id":"https:\/\/sportpark-roxel.de\/#website"},"datePublished":"2021-05-19T15:22:50+00:00","dateModified":"2021-06-15T12:44:45+00:00","breadcrumb":{"@id":"https:\/\/sportpark-roxel.de\/index.php\/impressum\/#breadcrumb"},"inLanguage":"de","potentialAction":[{"@type":"ReadAction","target":["https:\/\/sportpark-roxel.de\/index.php\/impressum\/"]}]},{"@type":"BreadcrumbList","@id":"https:\/\/sportpark-roxel.de\/index.php\/impressum\/#breadcrumb","itemListElement":[{"@type":"ListItem","position":1,"name":"Startseite","item":"https:\/\/sportpark-roxel.de\/"},{"@type":"ListItem","position":2,"name":"Impressum"}]},{"@type":"WebSite","@id":"https:\/\/sportpark-roxel.de\/#website","url":"https:\/\/sportpark-roxel.de\/","name":"https:\/\/www.sportpark-roxel.de","description":"Sportpark Roxel","potentialAction":[{"@type":"SearchAction","target":{"@type":"EntryPoint","urlTemplate":"https:\/\/sportpark-roxel.de\/?s={search_term_string}"},"query-input":{"@type":"PropertyValueSpecification","valueRequired":true,"valueName":"search_term_string"}}],"inLanguage":"de"}]}},"_links":{"self":[{"href":"https:\/\/sportpark-roxel.de\/index.php\/wp-json\/wp\/v2\/pages\/26963","targetHints":{"allow":["GET"]}}],"collection":[{"href":"https:\/\/sportpark-roxel.de\/index.php\/wp-json\/wp\/v2\/pages"}],"about":[{"href":"https:\/\/sportpark-roxel.de\/index.php\/wp-json\/wp\/v2\/types\/page"}],"author":[{"embeddable":true,"href":"https:\/\/sportpark-roxel.de\/index.php\/wp-json\/wp\/v2\/users\/1"}],"replies":[{"embeddable":true,"href":"https:\/\/sportpark-roxel.de\/index.php\/wp-json\/wp\/v2\/comments?post=26963"}],"version-history":[{"count":9,"href":"https:\/\/sportpark-roxel.de\/index.php\/wp-json\/wp\/v2\/pages\/26963\/revisions"}],"predecessor-version":[{"id":27189,"href":"https:\/\/sportpark-roxel.de\/index.php\/wp-json\/wp\/v2\/pages\/26963\/revisions\/27189"}],"wp:attachment":[{"href":"https:\/\/sportpark-roxel.de\/index.php\/wp-json\/wp\/v2\/media?parent=26963"}],"curies":[{"name":"wp","href":"https:\/\/api.w.org\/{rel}","templated":true}]}}